{"id":715,"date":"2021-03-29T11:11:00","date_gmt":"2021-03-29T09:11:00","guid":{"rendered":"https:\/\/gpk.biz.pl\/?page_id=715"},"modified":"2021-03-29T11:11:00","modified_gmt":"2021-03-29T09:11:00","slug":"klauzula-informacyjna","status":"publish","type":"page","link":"https:\/\/gpk.biz.pl\/index.php\/klauzula-informacyjna\/","title":{"rendered":"Klauzula informacyjna"},"content":{"rendered":"<p align=\"center\"><u><b>KLAUZULA INFORMACYJNA <\/b><\/u><\/p>\n<p align=\"center\"><u><b>O PRZETWARZANIU DANYCH OSOBOWYCH<\/b><\/u><\/p>\n<p align=\"justify\">W zwi\u0105zku z wej\u015bciem w \u017cycie z dniem 25 maja 2018 r. Rozporz\u0105dzenia Parlamentu Europejskiego i Rady (UE) 2016\/679 z dnia 27 kwietnia 2016 r. w sprawie ochrony os\u00f3b fizycznych w zwi\u0105zku z przetwarzaniem danych osobowych i w sprawie swobodnego przep\u0142ywu takich danych oraz uchylenia dyrektywy 95\/46\/WE (Og\u00f3lne rozporz\u0105dzenie o ochronie danych ? dalej ?RODO?, opubl. w Dz. Urz. UE L 119\/1 z 4 maja 2016 r.), informujemy, \u017ce:<\/p>\n<ul>\n<li>\n<p align=\"justify\">Administratorem Pana(-i) danych osobowych jest Grodziskie Przedsi\u0119biorstwo Komunalne Sp. z o.o. w Grodzisku Wielkopolskim (62-065) przy ulicy Ko\u015bcia\u0144skiej 32, z kt\u00f3rym mo\u017cna kontaktowa\u0107 si\u0119 mailowo za po\u015brednictwem adresu: <span style=\"color: #0563c1;\"><u><a href=\"mailto:biuro@gpk.pl\">biuro@gpk.pl<\/a><\/u><\/span> .<\/p>\n<\/li>\n<li>\n<p align=\"justify\">Inspektorem Ochrony Danych jest Agnieszka Demichowicz, z kt\u00f3rym mo\u017cna kontaktowa\u0107 si\u0119 mailowo za po\u015brednictwem adresu: <span style=\"color: #0563c1;\"><u><a href=\"mailto:iod@grodzisk.wlkp.pl\">iod@grodzisk.wlkp.pl<\/a><\/u><\/span> we wszelkich sprawach z zakresu realizacji obowi\u0105zku ochrony danych osobowych.<\/p>\n<\/li>\n<\/ul>\n<ul>\n<li>\n<p align=\"justify\">Administrator danych osobowych przetwarza Pana(-i) dane osobowe na podstawie obowi\u0105zuj\u0105cych przepis\u00f3w prawa, zawartych um\u00f3w oraz na podstawie wyra\u017conej przez Pana\/Pani\u0105 zgody.<\/p>\n<\/li>\n<li>\n<p align=\"justify\">Pana(-i) dane osobowe przetwarzane b\u0119d\u0105 w celu:<\/p>\n<\/li>\n<\/ul>\n<p align=\"justify\"><b>a)<\/b> realizacji praw i obowi\u0105zk\u00f3w ustawowych Administratora danych osobowych,<\/p>\n<p align=\"justify\"><b>b)<\/b> realizacji um\u00f3w,<\/p>\n<p align=\"justify\"><b>c) <\/b>niezb\u0119dnym do ochrony Pana(-i) \u017cywotnych interes\u00f3w lub innych interes\u00f3w,<\/p>\n<p align=\"justify\"><b>d) <\/b>wykonywania zada\u0144, realizowanych w interesie publicznym lub w ramach sprawowania<br \/>\nw\u0142adzy publicznej, powierzonej Administratorowi, w szczeg\u00f3lno\u015bci w zakresie:<\/p>\n<dl>\n<dd>\n<table width=\"580\" cellspacing=\"0\" cellpadding=\"7\">\n<tbody>\n<tr valign=\"top\">\n<td width=\"275\" height=\"10\">\n<p align=\"center\">Realizowane zadanie<\/p>\n<\/td>\n<td width=\"275\">\n<p align=\"center\">Podstawa prawna<\/p>\n<\/td>\n<\/tr>\n<tr valign=\"top\">\n<td width=\"275\">\n<p align=\"center\">Zaopatrywanie mieszka\u0144c\u00f3w w wod\u0119 oraz odprowadzanie \u015bciek\u00f3w<\/p>\n<\/td>\n<td width=\"275\">\n<p align=\"center\"><span style=\"font-size: small;\">Ustawa z dnia 7 czerwca 2001 r. o zbiorowym zaopatrzeniu w wod\u0119 i zbiorowym odprowadzaniu \u015bciek\u00f3w (Dz.U.2020.0.2028 t.j.)<\/span><\/p>\n<\/td>\n<\/tr>\n<tr valign=\"top\">\n<td width=\"275\">\n<p align=\"center\">Pobieranie op\u0142aty targowej<\/p>\n<\/td>\n<td width=\"275\">\n<p align=\"center\"><span style=\"font-size: small;\">Ustawa z dnia 12 stycznia 1991 r. o podatkach i op\u0142atach lokalnych (Dz.U.2019.0.1170 t.j.)<\/span><\/p>\n<\/td>\n<\/tr>\n<tr valign=\"top\">\n<td width=\"275\">\n<p align=\"center\">Obs\u0142uga Strefy P\u0142atnego Parkowania<\/p>\n<\/td>\n<td width=\"275\">\n<p align=\"center\"><span style=\"font-size: small;\">Ustawa z dnia 21 marca 1985 r o drogach publicznych (Dz.U.2020.0.470 t.j.)<\/span><\/p>\n<\/td>\n<\/tr>\n<\/tbody>\n<\/table>\n<\/dd>\n<\/dl>\n<p align=\"justify\"><b>e)<\/b> w pozosta\u0142ych przypadkach ? wy\u0142\u0105cznie na podstawie uprzednio udzielonej przez Pana<br \/>\n\/Pani\u0105 pisemnej zgody w zakresie i celu, wskazanym w tej zgodzie, w szczeg\u00f3lno\u015bci:<\/p>\n<ul>\n<li>\n<p align=\"justify\">wystawiania opinii dot. lokalizacji przydomowej oczyszczalni \u015bciek\u00f3w na okre\u015blonej dzia\u0142ce<\/p>\n<\/li>\n<li>\n<p align=\"justify\">rozpatrzenia wniosku dotycz\u0105cego rozbudowy sieci wodoci\u0105gowej\/ kanalizacyjnej.<\/p>\n<\/li>\n<\/ul>\n<ul>\n<li>\n<p align=\"justify\">W zwi\u0105zku z realizacj\u0105 praw i obowi\u0105zk\u00f3w ustawowych Administratora danych osobowych, Pana(-i) dane osobowe mog\u0105 by\u0107 udost\u0119pniane przez Administratora innym odbiorcom lub kategoriom odbiorc\u00f3w danych osobowych, kt\u00f3rymi mog\u0105 by\u0107:<\/p>\n<\/li>\n<\/ul>\n<ol type=\"a\">\n<li>organy w\u0142adzy publicznej praz podmioty wykonuj\u0105ce zadania publiczne lub dzia\u0142aj\u0105ce na zlecenie tych organ\u00f3w na podstawie odpowiednich przepis\u00f3w prawa,<\/li>\n<li>\n<p align=\"justify\">inne podmioty, upowa\u017cnione do odbioru Pana(-i) danych osobowych na podstawie odpowiednich przepis\u00f3w prawa,<\/p>\n<\/li>\n<li>\n<p align=\"justify\">podmioty, kt\u00f3re przetwarzaj\u0105 Pana(-i) dane osobowe w imieniu Administratora na podstawie zawartej umowy powierzenia przetwarzania danych osobowych (tzw. podmioty przetwarzaj\u0105ce).<\/p>\n<\/li>\n<\/ol>\n<ul>\n<li>\n<p align=\"justify\">Dane osobowe b\u0119d\u0105 przetwarzane przez okres niezb\u0119dny do realizacji w\/w cel\u00f3w<br \/>\nz uwzgl\u0119dnieniem okres\u00f3w przechowywania okre\u015blonych w przepisach odr\u0119bnych, w tym przepis\u00f3w archiwalnych.<\/p>\n<\/li>\n<li>\n<p align=\"justify\">W zwi\u0105zku z przetwarzaniem Pana(-i) danych osobowych przys\u0142uguj\u0105 Panu(-i) nast\u0119puj\u0105ce uprawnienia:<\/p>\n<\/li>\n<\/ul>\n<dl>\n<dd>\n<table width=\"580\" cellspacing=\"0\" cellpadding=\"7\">\n<tbody>\n<tr>\n<td valign=\"top\" width=\"564\">\n<ol type=\"a\">\n<li>\n<p align=\"justify\"><span style=\"font-size: small;\">prawo dost\u0119pu do tre\u015bci swoich danych osobowych,<\/span><\/p>\n<\/li>\n<\/ol>\n<\/td>\n<\/tr>\n<tr>\n<td valign=\"top\" width=\"564\">\n<ol start=\"2\" type=\"a\">\n<li>\n<p align=\"justify\"><span style=\"font-size: small;\">prawo do \u017c\u0105dania sprostowania swoich danych osobowych w przypadku, gdy dane s\u0105 niekompletne lub niezgodne z rzeczywisto\u015bci\u0105,<\/span><\/p>\n<\/li>\n<\/ol>\n<\/td>\n<\/tr>\n<tr>\n<td valign=\"top\" width=\"564\">\n<ol start=\"3\" type=\"a\">\n<li>\n<p align=\"justify\"><span style=\"font-size: small;\">prawo do \u017c\u0105dania usuni\u0119cia swoich danych osobowych (tzw. prawo do bycia zapomnianym) w przypadku, gdy:<\/span><\/p>\n<\/li>\n<\/ol>\n<p align=\"justify\"><span style=\"font-size: small;\">&#8211; dane osobowe nie s\u0105 ju\u017c niezb\u0119dne do cel\u00f3w, w kt\u00f3rych zosta\u0142y zebrane lub w inny spos\u00f3b przetwarzane,<\/span><\/p>\n<p align=\"justify\"><span style=\"font-size: small;\">&#8211; osoba, kt\u00f3rej dane dotycz\u0105, cofn\u0119\u0142a zgod\u0119 i nie ma innej podstawy prawnej przetwarzania,<\/span><\/p>\n<p align=\"justify\"><span style=\"font-size: small;\">&#8211; osoba, kt\u00f3rej dane dotycz\u0105, wnosi sprzeciw wobec przetwarzania i nie wyst\u0119puj\u0105 nadrz\u0119dne prawnie uzasadnione podstawy przetwarzania, <\/span><\/p>\n<p align=\"justify\"><span style=\"font-size: small;\">&#8211; dane osobowe by\u0142y przetwarzane niezgodnie z prawem,<\/span><\/p>\n<p align=\"justify\"><span style=\"font-size: small;\">&#8211; dane osobowe musz\u0105 zosta\u0107 usuni\u0119te w celu wywi\u0105zania si\u0119 z obowi\u0105zku prawnego przewidzianego w prawie Unii lub prawie pa\u0144stwa cz\u0142onkowskiego, kt\u00f3remu podlega administrator,<\/span><\/p>\n<p align=\"justify\"><span style=\"font-size: small;\">&#8211; dane osobowe zosta\u0142y zebrane w zwi\u0105zku z oferowaniem us\u0142ug spo\u0142ecze\u0144stwa informacyjnego,<\/span><\/p>\n<\/td>\n<\/tr>\n<tr>\n<td valign=\"top\" width=\"564\">\n<ol start=\"4\" type=\"a\">\n<li>\n<p align=\"justify\"><span style=\"font-size: small;\">prawo do \u017c\u0105dania ograniczenia przetwarzania swoich danych osobowych w przypadku, gdy:<\/span><\/p>\n<\/li>\n<\/ol>\n<p align=\"justify\"><span style=\"font-size: small;\">&#8211; osoba, kt\u00f3rej dane dotycz\u0105, kwestionuje prawid\u0142owo\u015b\u0107 danych osobowych,<\/span><\/p>\n<p align=\"justify\"><span style=\"font-size: small;\">&#8211; przetwarzanie jest niezgodne z prawem, a osoba, kt\u00f3rej dane dotycz\u0105, sprzeciwia si\u0119 usuni\u0119ciu danych osobowych, \u017c\u0105daj\u0105c w zamian ograniczenia ich wykorzystywania,<\/span><\/p>\n<p align=\"justify\"><span style=\"font-size: small;\">&#8211; administrator nie potrzebuje ju\u017c danych osobowych do cel\u00f3w przetwarzania, ale s\u0105 one potrzebne osobie, kt\u00f3rej dane dotycz\u0105, do ustalenia, dochodzenia lub obrony roszcze\u0144,<\/span><\/p>\n<p align=\"justify\"><span style=\"font-size: small;\">&#8211; osoba, kt\u00f3rej dane dotycz\u0105, wnios\u0142a sprzeciw wobec przetwarzania ? do czasu stwierdzenia, czy prawnie uzasadnione podstawy po stronie administratora s\u0105 nadrz\u0119dne wobec podstaw sprzeciwu osoby, kt\u00f3rej dane dotycz\u0105,<\/span><\/p>\n<\/td>\n<\/tr>\n<tr>\n<td valign=\"top\" width=\"564\">\n<ol start=\"5\" type=\"a\">\n<li>\n<p align=\"justify\"><span style=\"font-size: small;\">prawo do przenoszenia swoich danych osobowych, gdy \u0142\u0105cznie spe\u0142nione s\u0105 nast\u0119puj\u0105ce przes\u0142anki:<\/span><\/p>\n<\/li>\n<\/ol>\n<p align=\"justify\"><span style=\"font-size: small;\">&#8211; przetwarzanie odbywa si\u0119 na podstawie zgody lub na podstawie umowy oraz<\/span><\/p>\n<p align=\"justify\"><span style=\"font-size: small;\">&#8211; przetwarzanie odbywa si\u0119 w spos\u00f3b zautomatyzowany,<\/span><\/p>\n<\/td>\n<\/tr>\n<tr>\n<td valign=\"top\" width=\"564\">\n<ol start=\"6\" type=\"a\">\n<li>\n<p align=\"justify\"><span style=\"font-size: small;\">prawo wniesienia sprzeciwu wobec przetwarzania swoich danych osobowych,<\/span><\/p>\n<\/li>\n<\/ol>\n<\/td>\n<\/tr>\n<tr>\n<td valign=\"top\" width=\"564\">\n<ol start=\"7\" type=\"a\">\n<li>\n<p align=\"justify\"><span style=\"font-size: small;\">prawo do cofni\u0119cia zgody w dowolnym momencie bez wp\u0142ywu na zgodno\u015b\u0107 z prawem przetwarzania, kt\u00f3rego dokonano na podstawie zgody przed jej cofni\u0119ciem,<\/span><\/p>\n<\/li>\n<\/ol>\n<\/td>\n<\/tr>\n<tr>\n<td valign=\"top\" width=\"564\">\n<ol start=\"8\" type=\"a\">\n<li>\n<p align=\"justify\"><span style=\"font-size: small;\">prawo wniesienia skargi do organu nadzorczego, tj. Prezesa Urz\u0119du Ochrony Danych Osobowych, na adres:<\/span><\/p>\n<\/li>\n<\/ol>\n<p align=\"justify\"><span style=\"font-size: small;\"><b>Urz\u0105d Ochrony Danych Osobowych<\/b><\/span><\/p>\n<p align=\"justify\"><span style=\"font-size: small;\"> ul. Stawki 2<\/span><\/p>\n<p align=\"justify\"><span style=\"font-size: small;\"> 00-193 Warszawa<\/span><\/p>\n<p align=\"justify\"><span style=\"font-size: small;\"> Infolinia: 606-950-000<\/span><\/p>\n<\/td>\n<\/tr>\n<\/tbody>\n<\/table>\n<\/dd>\n<\/dl>\n<ul>\n<li>\n<p align=\"justify\">Podanie danych osobowych jest obligatoryjne w zakresie, uj\u0119tym przepisami prawa, do kt\u00f3rych podania jest Pan(-i) zobowi\u0105zany\/zobowi\u0105zana, a w pozosta\u0142ym zakresie jest dobrowolne, jednak\u017ce niepodanie danych b\u0119dzie skutkowa\u0142o odmow\u0105 realizacji us\u0142ug.<\/p>\n<\/li>\n<li>\n<p align=\"justify\">Pana(-i) dane mog\u0105 by\u0107 poddawane zautomatyzowanemu podejmowaniu decyzji.<\/p>\n<\/li>\n<li>\n<p align=\"justify\">Pana(-i) dane nie b\u0119d\u0105 poddawane profilowaniu.<\/p>\n<\/li>\n<\/ul>\n<p><span style=\"font-size: small;\"><u>Podstawa prawna:<\/u><\/span><\/p>\n<p align=\"justify\"><span style=\"font-size: small;\">&#8211; art. 13 Rozporz\u0105dzenia Parlamentu Europejskiego i Rady (UE) 2016\/679 z dnia 27 kwietnia 2016 r. w sprawie ochrony os\u00f3b fizycznych w zwi\u0105zku z przetwarzaniem danych osobowych i w sprawie swobodnego przep\u0142ywu takich danych oraz uchylenia dyrektywy 95\/46\/WE<\/span><\/p>\n","protected":false},"excerpt":{"rendered":"<p>KLAUZULA INFORMACYJNA O PRZETWARZANIU DANYCH OSOBOWYCH W zwi\u0105zku z wej\u015bciem w \u017cycie z dniem 25 maja 2018 r. Rozporz\u0105dzenia Parlamentu Europejskiego i Rady (UE) 2016\/679 z dnia 27 kwietnia 2016 r. w sprawie ochrony os\u00f3b fizycznych w zwi\u0105zku z przetwarzaniem danych osobowych i w sprawie swobodnego przep\u0142ywu takich danych oraz uchylenia dyrektywy 95\/46\/WE (Og\u00f3lne rozporz\u0105dzenie&#8230;<\/p>\n","protected":false},"author":1,"featured_media":0,"parent":0,"menu_order":0,"comment_status":"closed","ping_status":"closed","template":"","meta":{"footnotes":""},"class_list":["post-715","page","type-page","status-publish","hentry"],"publishpress_future_action":{"enabled":false,"date":"2026-05-07 04:34:33","action":"change-status","newStatus":"draft","terms":[],"taxonomy":"","extraData":[]},"publishpress_future_workflow_manual_trigger":{"enabledWorkflows":[]},"_links":{"self":[{"href":"https:\/\/gpk.biz.pl\/index.php\/wp-json\/wp\/v2\/pages\/715","targetHints":{"allow":["GET"]}}],"collection":[{"href":"https:\/\/gpk.biz.pl\/index.php\/wp-json\/wp\/v2\/pages"}],"about":[{"href":"https:\/\/gpk.biz.pl\/index.php\/wp-json\/wp\/v2\/types\/page"}],"author":[{"embeddable":true,"href":"https:\/\/gpk.biz.pl\/index.php\/wp-json\/wp\/v2\/users\/1"}],"replies":[{"embeddable":true,"href":"https:\/\/gpk.biz.pl\/index.php\/wp-json\/wp\/v2\/comments?post=715"}],"version-history":[{"count":1,"href":"https:\/\/gpk.biz.pl\/index.php\/wp-json\/wp\/v2\/pages\/715\/revisions"}],"predecessor-version":[{"id":716,"href":"https:\/\/gpk.biz.pl\/index.php\/wp-json\/wp\/v2\/pages\/715\/revisions\/716"}],"wp:attachment":[{"href":"https:\/\/gpk.biz.pl\/index.php\/wp-json\/wp\/v2\/media?parent=715"}],"curies":[{"name":"wp","href":"https:\/\/api.w.org\/{rel}","templated":true}]}}